0094. Calculate the greatest common divisor of 42 and c.
14
Suppose 8*c - 300 = -4*p + 12*c, 5*p - 366 = 2*c. Suppose 43*x - p = 25*x. Calculate the greatest common divisor of 172 and x.
4
Suppose 3*p = 5*b - 725, 0*b = 2*b - 2*p - 294. What is the greatest common divisor of 71 and b?
71
Let t = 4855 + -2857. Calculate the highest common factor of 74 and t.
74
Suppose 26*p - 7*p - 48960 = -15*p. What is the greatest common factor of 225 and p?
45
Suppose 17*z = -29*z + 4048. Suppose -20 = 4*p, -3*p = d - 0*d + 15. Suppose d*f = f - 8. Calculate the greatest common divisor of f and z.
8
Suppose -18*b + 3346 + 5564 = -3*b. What is the greatest common factor of 93 and b?
3
Let b be 56 - (-11 - 28 - -17). What is the highest common divisor of b and 15366?
78
Suppose 3*g - 240 = 96. Let w be (1120/36)/((-462)/(-2079)). Calculate the greatest common factor of w and g.
28
Let y be (-2)/(-14) - (-23 - -22)/(7/4766). What is the highest common divisor of 3 and y?
3
Let n be 15 + (-2 - 13 - (-6)/2). Calculate the greatest common factor of 219 and n.
3
Suppose -188 = -98*u + 4124. Calculate the highest common divisor of 30 and u.
2
Let q be (-68)/6*-4*(-6)/16. Let k be q/(-2) - 18/12. Let t(r) = 2*r**3 - 14*r**2 + r + 6. Let h be t(k). What is the greatest common factor of h and 26?
13
Let s be (-3)/(-12)*-10*(-66 - -2). Let m = 151 - 119. Calculate the greatest common factor of m and s.
32
Let l(f) = f**3 - 81*f - 16. Let h be l(11). Suppose -h = -3*u + 134. What is the highest common divisor of 24 and u?
6
Let r = -66 + 71. Suppose 22 = -r*l + 67. Suppose -i = -3*m + 3, 2*i - 6*m - l = -5*m. Calculate the highest common divisor of i and 2.
2
Let f be (3 - 1)*3/2. Suppose 0*u + f*u = 24. Let y(a) = 3*a**2 + 18*a + 8. Let w be y(-8). Calculate the greatest common factor of u and w.
8
Let n = 49 + 95. Let o be (-5)/((-175)/(-21)) + (-78)/(-5). Let a = o + 3. What is the highest common divisor of n and a?
18
Suppose -19*u = -2*c - 14*u + 22, -u = -c + 8. What is the greatest common divisor of c and 909?
3
Let n be 160/30*138/4. What is the greatest common divisor of n and 253?
23
Suppose 0 = -4*x - 134*c + 130*c + 16696, 0 = -5*c - 10. What is the greatest common factor of 87 and x?
87
Let o = 249 + -69. Suppose 0 = -18*f + 24*f - o. What is the highest common divisor of 20 and f?
10
Suppose 252 = -3*r + 2*q + q, 0 = 3*r + 4*q + 259. Let x = r - -127. Let y be 6*-2*4/(-8). What is the highest common factor of y and x?
6
Let p = -74 + 138. Let k(m) = -m**2 - 8*m + 8. Let y be k(-4). Suppose 5*f - y = 2*f. Calculate the highest common divisor of p and f.
8
Let v = 390 + -100. Let j = 307 + -249. Calculate the greatest common divisor of v and j.
58
Let a = -95 - -311. Let u(r) = -r**3 - 27*r**2 - 31*r - 106. Let j be 2/(-6)*2*39 + 0. Let d be u(j). What is the highest common factor of a and d?
24
Let j be (-6)/4 + (494/4 - -9). Calculate the highest common factor of j and 2227.
131
Suppose 3*r = -2*u + 871 - 259, 4*u - 2*r - 1192 = 0. What is the greatest common divisor of 850 and u?
50
Suppose 7*y - 84 = 3*y. Let n = y - 9. Let p = 85 - -23. What is the greatest common divisor of n and p?
12
Let n = 499 + -289. Let o = 534 - n. Let i = 59 + -23. What is the greatest common factor of o and i?
36
Let w be (-42)/(-5) + 2/(-5). Suppose 0 = -5*z - 25, 8*g - z = 4*g + 9. Let c be 2 + g + 8 + -3 + 0. What is the greatest common factor of c and w?
8
Suppose -15*i - 138 = -20*i + 3*f, -f + 42 = 2*i. Let u(m) = 2*m - 5. Let o be u(-4). Let s = 23 - o. Calculate the highest common factor of i and s.
12
Let p(r) = r**3 - 8*r**2 + 7*r - 8. Suppose -n + 6*n = 40. Let d be p(n). Let z = 348 - 316. What is the greatest common factor of z and d?
16
Let z be (-24662)/(-247) + ((-70)/(-91))/5. Calculate the greatest common divisor of 2525 and z.
25
Suppose 3*b - 164 - 280 = 0. Let f = 199 - b. Calculate the highest common divisor of 17 and f.
17
Let s = -4480 - -4576. Calculate the greatest common factor of 3288 and s.
24
Let y be 448/(-42)*(-6)/(-4). Let b be (46/(-8))/(2/y). Let x(j) = -j**3 - 11*j**2 - 13*j - 7. Let f be x(-10). What is the greatest common divisor of b and f?
23
Let b be ((-57 - 1) + 3)/(3*(-3)/45). What is the greatest common factor of b and 33?
11
Let f be (-140)/56*-6*1. Suppose f*y = y + 2548. Calculate the greatest common factor of 28 and y.
14
Suppose -56*h - 106*h - 35*h = -2377396. What is the greatest common divisor of h and 28?
28
Let s = -4613 - -4692. What is the highest common factor of 3397 and s?
79
Suppose 3*f - 10*t = -7*t + 729, -2*f - t + 486 = 0. What is the highest common divisor of f and 837?
27
Suppose 0 = n + 3*x + 12, -5*n - 16 = -x + 5*x. Let c(w) = 5*w**2 + 2*w + 42. Let d be c(n). Calculate the greatest common divisor of d and 462.
42
Suppose 39*v - 40295 = 3775. What is the highest common factor of v and 50?
10
Let k(v) be the second derivative of 11*v**4/12 + 2*v**3 + 35*v**2 + 20*v + 2. Let n be k(-4). What is the highest common divisor of n and 110?
22
Let m be 41/(7/2 - (3 + 1)). Let i be 171/45 - 4 - m/10. Calculate the greatest common divisor of 152 and i.
8
Suppose -7*w + 173 = -184. Let z(x) = x**3 + 13*x**2 - 5*x + 122. Let k be z(-13). What is the greatest common factor of w and k?
17
Let j(h) = 6*h**2 + 7*h - 31. Let o be (4 + (1 + -4)*1)*5. Let m be j(o). Calculate the greatest common factor of m and 7.
7
Let o = -613 - -757. Calculate the highest common divisor of o and 624.
48
Let p = -17939 + 18875. Calculate the highest common divisor of 299 and p.
13
Suppose -3*a = 5*v - 8*v - 15, 5 = -3*v - 2*a. Let j be 1575/(-21)*8/v. Calculate the greatest common factor of 24 and j.
8
Suppose 2940 - 35 = 7*s. Let q = 441 - s. What is the greatest common divisor of 338 and q?
26
Let b(f) = 10*f + 15. Let h(x) = x + 2. Let g(a) = 3*b(a) - 21*h(a). Let v be g(5). Let s = 13 - -11. Calculate the greatest common factor of v and s.
24
Let w(i) = -2*i + 14. Let l be 128/(-24)*3/(-2). Let r be w(l). Let z be r*2 + (41 - -18). Calculate the highest common factor of 22 and z.
11
Suppose 195 + 381 = 12*v. Suppose 4*s = 11 + 17. Let c be 163/s - (v/21 - 2). Calculate the greatest common factor of 46 and c.
23
Suppose 84*r + 88*r - 191*r + 456 = 0. What is the highest common divisor of 8292 and r?
12
Let f = 51507 + -51297. Let l be (1 - -1)/1 - -82. Calculate the highest common divisor of f and l.
42
Let s(j) = 15*j - 35. Let n(m) = -m - 1. Let p(l) = 5*n(l) + s(l). Let r be p(5). Calculate the highest common factor of 1 and r.
1
Suppose 0 = -42*j + 24*j - 72. Let c be (-49)/5*-5 + j. What is the highest common divisor of 36 and c?
9
Suppose 0 = 4*h - v - 15, 4*h + 4*v - 11 = 9*v. Suppose 0 = h*r - 55 - 25. What is the greatest common divisor of r and 60?
20
Let l(j) = 81*j + 902. Let d be l(-11). What is the highest common divisor of d and 407?
11
Let s be (1 + -22)*(-3)/9. Let d be 73/((-110)/90 - 4/(-18)). Let b = -38 - d. What is the highest common divisor of s and b?
7
Let g(h) = h**3 - 5*h**2 + h + 3. Let d be g(5). Let b = 365 + -362. Let n be ((-1)/(-4))/(b/96). What is the greatest common divisor of n and d?
8
Suppose -93*p = -301*p + 32136 + 11960. Calculate the greatest common factor of 636 and p.
212
Let s(o) be the first derivative of -5*o**2 - 70*o - 28. Let k be s(-10). Suppose -82 = -4*a - 2. Calculate the greatest common divisor of a and k.
10
Let m be (-8)/10 - 8136/(-45). Suppose -261 = -5*j - 5*w - 1, 4*j - m = 3*w. Let t = 108 - j. Calculate the highest common divisor of t and 15.
15
Let g = 23375 - 23356. Let v = 338 + 422. What is the greatest common factor of v and g?
19
Let r be ((-1)/(-2))/((-2)/(-16)). Suppose r*z = -z + 20. Let g(u) = u**2 + 405*u - 1222. Let m be g(3). Calculate the greatest common divisor of m and z.
2
Let c = -61 - -106. Let u(l) = -7*l - 19. Let k be u(-3). Suppose 0 = k*t + 3*x - c, -t + 2*x + 60 = t. What is the highest common divisor of 27 and t?
27
Suppose 3*z = -35*r + 39*r - 19160, 7*z = 2*z. Calculate the greatest common divisor of r and 15.
5
Let c(m) = 12*m**2 + 100*m - 309. Let v be c(3). What is the greatest common factor of 1243 and v?
11
Suppose 11 - 21 = 2*s, -l - 5*s + 4490 = 0. What is the highest common divisor of l and 258?
129
Let s be (-12)/(-18)*-779*15/(-10). Wh